culate the highest common factor of 25758 and 486.
486
What is the highest common divisor of 8 and 2095632?
8
What is the highest common divisor of 96755 and 185?
185
Calculate the highest common factor of 477083 and 8376.
349
Calculate the greatest common factor of 172275 and 1350.
75
Calculate the highest common factor of 307 and 80741.
307
Calculate the highest common divisor of 490 and 71930.
10
What is the greatest common factor of 593 and 1625413?
593
What is the highest common divisor of 624 and 102934?
26
What is the greatest common divisor of 10 and 5930?
10
Calculate the highest common divisor of 604404 and 515.
103
Calculate the greatest common divisor of 15536 and 144.
16
Calculate the greatest common divisor of 3240 and 504.
72
What is the highest common divisor of 27 and 6597?
9
Calculate the highest common factor of 884 and 84388.
68
What is the greatest common divisor of 6398 and 224?
14
What is the greatest common factor of 4738638 and 1266?
1266
What is the greatest common factor of 384320 and 98482?
2402
Calculate the greatest common factor of 17240 and 19120.
40
What is the highest common divisor of 83 and 46231?
83
Calculate the greatest common factor of 217290 and 90.
30
What is the greatest common divisor of 11644 and 1558?
82
What is the greatest common divisor of 3900 and 14508?
156
Calculate the highest common divisor of 41048 and 231.
7
What is the highest common factor of 751743 and 6?
3
What is the highest common factor of 130 and 220?
10
Calculate the greatest common divisor of 3332 and 173332.
68
Calculate the highest common divisor of 1169954 and 268.
134
Calculate the greatest common divisor of 2109627 and 3285.
657
Calculate the greatest common factor of 2860 and 208494.
286
Calculate the greatest common divisor of 215277 and 365.
73
Calculate the greatest common factor of 3 and 230187.
3
What is the highest common divisor of 143594 and 749?
107
What is the greatest common factor of 4 and 5953?
1
What is the highest common factor of 456 and 23784?
24
What is the highest common divisor of 298 and 297553?
149
Calculate the greatest common factor of 22473 and 1188.
99
Calculate the greatest common factor of 995310 and 5.
5
What is the greatest common divisor of 4264 and 261744?
328
What is the greatest common divisor of 60062 and 16402?
118
What is the highest common divisor of 39 and 7806?
3
What is the greatest common divisor of 405206 and 830?
166
Calculate the greatest common factor of 153168 and 912.
48
What is the greatest common factor of 600 and 38550?
150
What is the highest common divisor of 3888 and 51192?
648
What is the greatest common divisor of 663 and 181713?
51
Calculate the greatest common factor of 90431 and 110.
11
What is the highest common divisor of 701575 and 1729?
133
What is the greatest common factor of 4560 and 435?
15
Calculate the highest common divisor of 411 and 136041.
411
What is the highest common divisor of 76 and 25244?
4
What is the greatest common factor of 5655 and 869565?
435
What is the greatest common divisor of 290529 and 7353?
171
What is the highest common divisor of 1274565 and 465?
465
Calculate the highest common divisor of 2615552 and 136.
136
What is the highest common factor of 2275 and 13390?
65
Calculate the greatest common factor of 391284 and 1188.
108
Calculate the greatest common divisor of 117460 and 420.
140
What is the highest common factor of 78430 and 62?
62
Calculate the highest common factor of 77584 and 12682.
746
What is the highest common divisor of 30 and 267735?
15
What is the greatest common factor of 78 and 156117?
39
What is the highest common divisor of 696641 and 11?
11
What is the highest common factor of 223418 and 338?
338
Calculate the highest common divisor of 2096 and 30056.
8
What is the greatest common factor of 1457 and 62087?
47
What is the highest common divisor of 14 and 17339?
7
Calculate the highest common factor of 1054 and 24582.
34
Calculate the highest common divisor of 55 and 95315.
55
Calculate the highest common factor of 26800 and 92192.
1072
Calculate the greatest common factor of 134 and 30351.
67
What is the highest common factor of 153 and 629?
17
Calculate the highest common factor of 347319 and 3.
3
Calculate the highest common factor of 1339 and 11180.
13
What is the greatest common divisor of 77 and 201124?
77
Calculate the greatest common divisor of 7525 and 45325.
175
What is the highest common factor of 3814 and 82?
2
What is the highest common divisor of 1376 and 9889312?
1376
Calculate the greatest common factor of 66582 and 15207.
411
Calculate the highest common divisor of 208 and 48724.
52
Calculate the highest common divisor of 252 and 530544.
84
Calculate the highest common factor of 166188 and 2.
2
Calculate the greatest common divisor of 24 and 121144.
8
Calculate the greatest common divisor of 270 and 134055.
135
What is the highest common divisor of 4059 and 18327?
123
Calculate the highest common divisor of 1246 and 2615354.
1246
What is the greatest common divisor of 13588404 and 804?
804
What is the greatest common divisor of 36638 and 3514?
14
Calculate the highest common factor of 22582 and 322.
14
What is the greatest common factor of 7875 and 1925?
175
What is the highest common divisor of 19947 and 4687?
109
What is the greatest common divisor of 1366446 and 318?
318
Calculate the highest common factor of 12 and 300786.
6
What is the greatest common divisor of 15274 and 112?
14
Calculate the greatest common factor of 6937 and 21.
7
Calculate the greatest common divisor of 16806 and 6.
6
Calculate the highest common divisor of 288 and 3357.
9
What is the greatest common divisor of 2318 and 22154?
38
What is the highest common factor of 82 and 442226?
82
What is the greatest common factor of 80837 and 353?
353
What is the highest common divisor of 198 and 126?
18
What is the highest common divisor of 1337 and 42?
7
Calculate the highest common factor of 775 and 219015.
155
What is the greatest common divisor of 3438 and 3762?
18
Calculate the highest common divisor of 20541 and 738.
123
Calculate the highest common divisor of 42920 and 24679.
1073
What is the highest common divisor of 39862 and 133?
19
What is the highest common divisor of 5350 and 45800?
50
What is the greatest common factor of 345560 and 5?
5
What is the highest common factor of 17 and 870689?
17
What is the highest common factor of 597 and 868237?
199
Calculate the highest common factor of 325581 and 123.
123
What is the greatest common factor of 75336 and 1095?
219
What is the highest common divisor of 64 and 49352?
8
What is the highest common factor of 54 and 21123?
9
What is the greatest common factor of 15 and 2022585?
15
Calculate the greatest common divisor of 77577 and 741.
57
What is the highest common divisor of 3065685 and 21?
21
Calculate the highest common divisor of 12 and 2457108.
12
Calculate the greatest common factor of 55 and 46105.
5
Calculate the greatest common divisor of 312 and 12968.
8
What is the greatest common divisor of 36596 and 56?
28
Calculate the highest common factor of 1568368 and 83.
83
What is the greatest common divisor of 37872 and 204?
12
What is the greatest common factor of 18 and 105489?
9
Calculate the greatest common divisor of 559845 and 130.
65
What is the greatest common factor of 1795429 and 472?
59
What is the greatest common divisor of 22263 and 3075?
123
Calculate the highest common factor of 285 and 735.
15
Calculate the greatest common factor of 185275 and 10.
5
Calculate the greatest common divisor of 49303 and 188.
47
What is the greatest common factor of 3120 and 44824?
104
Calculate the highest common divisor of 72 and 4192.
8
What is the greatest common divisor of 2298756 and 6?
6
Calculate the highest common divisor of 42 and 688002.
42
Calculate the highest common factor of 18 and 411678.
18
Calculate the greatest common divisor of 51 and 66657.
51
Calculate the greatest common factor of 31432 and 28.
4
What is the greatest common divisor of 90 and 230?
10
Calculate the greatest common divisor of 53554 and 14.
2
Calculate the highest common divisor of 3354736 and 1617.
539
Calculate the highest common divisor of 414784 and 576.
64
What is the greatest comm